5 + -5 + 8?
2
What is (4 + -4 - (8 + -2)) + 5?
-1
Calculate (1 - 0 - (-23 + 19)) + -2.
3
-6 - (-13 - (5 + -13))
-1
Calculate -2 - -4 - (0 + -2 + -1).
5
Calculate (4 - 2 - 3) + (1 - -5).
5
Evaluate -3 + -6 + (-7 - (-13 + 5)).
-8
-31 + 33 + 8 + -2
8
Calculate 2 + (-10 - -5) - -4.
1
Calculate -9 + 9 - -11 - (-2 - -4).
9
4 + -1 + -3 + 1
1
What is (1 - 2) + -6 + 4 - -4?
1
What is the value of (-21 - -12) + 4 + (-2 - -5)?
-2
(2 - -1) + -3 + 4 + 1
5
(-2 - (5 - 10)) + -4
-1
What is the value of (4 - 5) + 1 + -3 + -1?
-4
Calculate (6 - 4) + 1 + -5 + 4.
2
Calculate 1 + 6 + -3 - 4.
0
3 + 1 + -4 + 4
4
Calculate 0 + 0 + 13 + -14.
-1
Evaluate (5 - ((-9 - -5) + 3)) + 0.
6
Calculate -2 - (2 + (-6 - -1)).
1
What is the value of -10 + (-2 - (-11 + 4))?
-5
What is -1 + 2 - (-5 - -7) - 0?
-1
Evaluate -12 + 7 + (0 - -7) + -3.
-1
-6 - (7 + (3 - -1) + -10)
-7
What is 9 - 9 - (-10 + 2)?
8
What is the value of -2 + 2 - (2 - (3 + 0))?
1
Calculate -4 + 5 + -1 + 2.
2
Evaluate 3 - -1 - (5 + (-8 - -5)).
2
-12 - -6 - -2 - (2 - 3)
-3
What is the value of 8 + -3 - (1 + 0) - 0?
4
What is -1 + 2 + (1 - (-1 + 1))?
2
Evaluate 0 - (-4 + 0) - 4 - 2.
-2
Calculate 4 + 0 + -1 - 8 - -3.
-2
What is the value of -12 + 3 + (5 - 8) + 7?
-5
What is 2 + 9 + -6 + -7?
-2
-2 + 1 + (-4 - 0)
-5
Calculate (-15 + 34 - 26) + (-2 - -17).
8
What is the value of 9 - (-1 - (4 + -8) - 0)?
6
What is the value of -5 - (-3 + 1) - -3 - -6?
6
What is the value of 8 + (13 + -6 - 20)?
-5
What is the value of -6 - ((2 - -8) + -13)?
-3
What is the value of -6 - (-1 + 5 - 2)?
-8
Evaluate -5 - (1 - 0) - -4.
-2
What is 10 - 1 - (112 - 113)?
10
What is (-2 - (-2 + -1 + -14)) + -7?
8
Calculate 0 + 3 - (4 + -6).
5
What is -1 - (-7 - (-3 + 0)) - 3?
0
Calculate 0 + -1 + -2 + 7.
4
Evaluate -9 + (1 - (-11 - 3)).
6
Evaluate 1 + 3 - (22 - (-18 + 34)).
-2
Evaluate -9 + 9 - (6 + -3).
-3
Calculate 2 + -4 + 4 + 4.
6
Evaluate -187 + 195 - (-1 + 2 - -6).
1
-2 - (1 - (-2 + 0))
-5
What is the value of (5 - 12) + (2 - 0)?
-5
Calculate (0 - 1) + -16 + 18 + -8.
-7
What is 2 + 1 + -9 + (-1 - -7)?
0
What is the value of (2 - 1) + -1 + 72 + -69?
3
Calculate 5 - (2 - (-6 + 8)).
5
What is 1 + 0 + -3 - (35 + -38)?
1
Calculate (12 - 11) + -1 + 4.
4
5 + (1 - -7 - 9)
4
What is -7 + -4 - (6 + -16 + 4)?
-5
What is (8 - 23 - -8 - -7) + 1?
1
Evaluate -2 - (-4 + (3 - -5 - 4)).
-2
Calculate -2 + (1 + -8 - (-9 - -5)).
-5
What is -1 - ((2 - 2) + 4)?
-5
What is the value of -2 + 4 + 0 + -7?
-5
What is the value of -4 - (1 + (-4 - (2 - -2)))?
3
What is 1 + -2 + -3 + -2 + 2?
-4
Evaluate 6 + -4 + -5 + -1 + 5.
1
-6 - (-13 + (1 - -3))
3
Calculate 7 - (9 + -3 - (3 + -13)).
-9
-7 + -1 + 101 + -100
-7
-4 - ((-2 - 2) + -5)
5
What is the value of -1 + -1 + 1 - 1?
-2
What is -5 - (-6 + (2 - 0)) - 3?
-4
What is (0 - (4 - 5)) + -2?
-1
What is 1 - (-4 + (5 - (3 + 0)))?
3
-7 - (7 - (-4 + -3 + 18))
-3
What is (0 - 2) + 2 - 3?
-3
(-18 - -5 - -8) + -2 + 7
0
Evaluate (1 + -4 - 0 - -2) + -1.
-2
Evaluate (-5 - -3 - 1) + (-1 - -2).
-2
What is the value of 3 + (-5 - -2) + 5?
5
Calculate -5 + 7 + (-7 - -8) - -6.
9
Evaluate (-9 - 4) + 19 - 5.
1
Calculate -1 - (1 - -3 - 3).
-2
What is the value of (-13 - -2) + 55 + -44?
0
5 + (6 - 7) - 1
3
Calculate (0 - 1) + (0 - (2 - 3)).
0
Calculate (1 - -4) + 2 - 6 - -4.
5
What is the value of 1 + (2 - 2) + -4?
-3
Calculate 3 + 5 + -12 + 5.
1
Calculate 2 - (-4 - -8) - (-3 + 2).
-1
-1 + -1 + (3 - -8 - 2)
7
What is the value of (3 - 5) + (0 - 2) + 8?
4
Evaluate (0 - -4) + (-6 - -2 - -3).
3
-2 - ((-5 - 1) + 1)
3
(-4 - -1) + 19 + -12
4
Calculate -4 + (2 + 3 - 0) + 1.
2
0 + (3 - -1) - 8
-4
What is 0 - (-7 - -4) - (1 + -1)?
3
What is the value of 0 + (7 - (-4 - -11))?
0
Calculate 11 - (7 - -10 - -4).
-10
Evaluate 1 + -3 + -1 + 7.
4
-1 + 7 - 11 - (-6 - 2)
3
What is the value of -3 + -1 + 3 + -2?
-3
(4 - 3) + 5 + -2 - 5
-1
Evaluate 18 - 23 - (1 - (-1 + 2)).
-5
-3 - (5 - (12 + -4))
0
What is the value of -14 + 11 - ((2 - 3) + 2)?
-4
(-5 - (5 + -7)) + -2 + 1
-4
-22 + 27 + (1 - 10) - -3
-1
What is 4 + -3 + -4 - (-10 + 2)?
5
What is -7 + -5 + 5 + 6?
-1
-2 + (1 - (0 - (-1 - -6)))
4
Calculate 12 - (18 + -5) - (1 + 5).
-7
Evaluate (-2 - 0) + -3 - (-5 + 6).
-6
Evaluate -1 + 9 - ((-3 - 2) + 7).
6
Evaluate 1 + 3 + (-7 - -4) + -4.
-3
What is 1 - (1 + (-6 - -3))?
3
What is 8 + -5 + -3 + 2 + -3?
-1
Calculate -6 + 10 + -14 - -6.
-4
What is the value of 36 + -33 + -7 + 0?
-4
Calculate -1 + (0 - (6 + -1)) + -1.
-7
(1 - 0 - -2) + -2
1
Evaluate (-8 - -1) + (17 - (-1 + 13)).
-2
Evaluate -2 - (2 - (-2 - -4)).
-2
What is the value of -5 - (15 + -24 + (0 - -2))?
2
Calculate 4 + -2 + -1 + -3.
-2
Evaluate (-4 - 5) + 2 + 3 + -1.
-5
What is the value of 33 + -32 - (-4 + -3)?
8
Evaluate -1 + -2 + -1 + 5.
1
Evaluate 10 + (-17 - -4 - -11).
8
What is the value of (-18 - -23) + (-3 - -2)?
4
Evaluate 6 + (5 - 10) - -3.
4
What is the value of -1 + (1 - 6) + 9 + -3?
0
Evaluate (17 - (7 - 1)) + -7.
4
What is (-5 - (3 + -7 - 15)) + -5?
9
Calculate -3 - (-1 + 0 - 2).
0
Evaluate -2 + -5 + -6 + 11.
-2
What is the value of 1 + (-2 - 0) + 7 + -3?
3
What is 4 + -4 + (-4 - -2)?
-2
What is the value of -1 + 4 - 5 - (3 - 7)?
2
What is 23 + -14 - (7 + -3)?
5
0 + -6 + (5 - -10) + -5
4
What is 12 - (65 + -70 - (0 + -8))?
9
Calculate -13 + -7 + 10 + 13.
3
What is -3 - -6 - (0 - -1)?
2
Calculate -4 + 2 + 1 + 0 + 5.
4
What is -2 + -2 + 2 + -2 + -1?
-5
What is (-5 - (7 - 7)) + 5?
0
Evaluate -19 - -26 - (3 - -2).
2
Evaluate -5 - (-6 + 12 - 15).
4
What is -8 + 5 + (1 - (0 + -2))?
0
Evaluate -5 + 5 + (-1 - -1) + -3.
-3
What is (-10 + 3 - -2) + -7 + 6?
-6
Evaluate 11 + (10 - 7) + -9 + -7.
-2
Calculate (0 - 3) + (-5 - -11).
3
What is the value of -1 - ((3 - 4 - 1) + -2)?
3
What is -2 + 10 + -5 + 2?
5
(4 - (-4 - -8)) + 3 + 0
3
Calculate 5 - (-10 + (-8 - -19)).
4
What is the value of -1 + -3 + 1 + 2 - -1?
0
What is 5 + 0 - (2 - 2)?
5
What is 7 + (-13 + -4 - (3 + -5))?
-8
Evaluate -27 + 17 - (-4 - 0).
-6
Evaluate -18 + (-3 - -8) + 9.
-4
Evaluate 14 + -1 + 3 + -5 + -2.
9
Calculate 1 - (-7 + 10 - (0 + 1)).
-1
(-3 - -6 - 1) + 1 + -8
-5
Calculate -2 + -3 + (5 - (6 - 3)).
-3
-3 - (-2 + -9) - 9
-1
What is (-5 - (3 - 0)) + 4?
-4
Calculate 3 + 0 + 4 + (-10 - -7).
4
Evaluate (-4 - -6) + 0 - -3.
5
What is 4 + -5 + (4 - -1) - 10?
-6
Calculate (-1 - 5) + 87 + -93 + 8.
-4
What is 3 + (-1 - (4 - 6 - 0))?
4
What is the value of (-2 - 10) + (4 - -3) + 6?
1
Evaluate -4 + 2 + 2 - -3.
3
What is -2 + 2 - (-6 + 1 - 0)?
5
Calculate (1 - 2) + (-5 - -4).
-2
Calculate -4 - 4 - -4 - -4.
0
What is -19 + 15 + -5 + 8?
-1
Evaluate -3 + 11 + -9 + 6.
5
Calculate (-8 - (9 + -15)) + 9.
7
Calculate (2 - (-1 - -4)) + 3.
2
What is the value of 1 + -7 + 6 - (-2 + 1)?
1
Evaluate 1 + -1 - (-7 + 4 - 1).
4
What is the value of -1 + (8 + -3 - 4)?
0
Calculate -10 + -4 + -1 + 21.
6
-1 + (2 - 6) - -4
-1
(1 - 14) + (-9 - -14)
-8
Calculate 3 - ((-5 - -1) + 8 + 0).
-1
Evaluate (4 - 2 - -2) + 0 + -11.
-7
Evaluate -23 - -23 - (0 + 6).
-6
Calculate 0 + 7 - (-5 + 1 - -6).
5
What is 2 - 0 - (-1 + 11 - 10)?
2
Calculate 0 - (3 - (-2 - (-1 - 5))).
1
Evaluate (7 - 1 - 16) + 3.
-7
What is the value of -340 - -334 - (0 + -2 - -1)?
-5
(-4 - -4) + -2 + 4
2
What is 3 + (1 - 1) + -2?
1
What is 3 - (4 - 2) - (0 - -5)?
-4
What is the value of (-1 + 6 - 5) + -1?
-1
What is -3 - (3 + 6 + -15)?
3
What is -9 + (11 - 4 - (1 - -2))?
-5
Evaluate (-3 - 0) + (-17 - -15) - -2.
-3
What is the value of 33 + -42 + 0 + 5?
-4
Calculate -3 + -4 + -1 + (0 - -3).
-5
Evaluate (5 - 4) + -1 + -3 + -1.
-4
What is the value of -3 - -10 - 3 - -2?
6
Calculate -3 - (0 - 0 - 4).
1
Calculate -3 + (11 - 6 - (0 + 0)).
2
Calculate 7 - -4 - (2 - -3) - 7.
-1
What is -3 + 0 + 4 - -2?
3
What is 15 - 4 - (-4 - -9)?
6
What is the value of 1 - (11 - 10 - (4 + -4))?
0
Calculate -1 - ((1 - (2 - -5)) + 0).
5
-2 + -1 + 4 - 2
-1
Calculate 2 - (-2 + -2) - 3 - 2.
1
0 - 3 - (31 + -33)
-1
Calculate (11 - 4) + -17 + 5.
-5
What is the value of (-4 - (2 + (-7 - -6))) + 7?
2
What is the value of 32 + -36 - (-12 + 2)?
6
Evaluate 3 + -2 + 5 + -3.
3
1 - ((-5 - -1) + 0 + 0)
5
-2 + -2 - (-5 + 3 + -11)
9
Evaluate -1 - (5 + 1) - -7.
0
What is the value of -4 + 0 - (-7 + 3 - 1)?
1
Evaluate 1 + 2 + -6 + 9 + 0.
6
Evaluate 11 + 10 + (-24 - -8).
5
What is the value of (-7 - (0 + -6)) + 2 + 4?
5
8 + -13 - (1 + 2 + -3)
-5
1 - (-2 +